{"id":2459,"date":"2025-11-03T12:52:04","date_gmt":"2025-11-03T11:52:04","guid":{"rendered":"http:\/\/bagiliba.fr\/?page_id=2459"},"modified":"2025-11-03T14:59:37","modified_gmt":"2025-11-03T13:59:37","slug":"spectacle-50","status":"publish","type":"page","link":"http:\/\/bagiliba.fr\/index.php\/spectacle-50\/","title":{"rendered":"SPECTACLE 50"},"content":{"rendered":"\n<p class=\"has-luminous-vivid-orange-background-color has-background has-medium-font-size\"><strong>VENDREDI 14 NOVEMBRE<\/strong><\/p>\n\n\n\n<div class=\"wp-block-image is-style-rounded\"><figure class=\"alignleft size-large is-resized\"><img loading=\"lazy\" src=\"http:\/\/bagiliba.fr\/wp-content\/uploads\/2025\/11\/WhatsApp-Image-2025-10-11-a-14.55.38_6efa2074-714x1024.jpg\" alt=\"\" class=\"wp-image-2493\" width=\"279\" height=\"399\" srcset=\"http:\/\/bagiliba.fr\/wp-content\/uploads\/2025\/11\/WhatsApp-Image-2025-10-11-a-14.55.38_6efa2074-714x1024.jpg 714w, http:\/\/bagiliba.fr\/wp-content\/uploads\/2025\/11\/WhatsApp-Image-2025-10-11-a-14.55.38_6efa2074-209x300.jpg 209w, http:\/\/bagiliba.fr\/wp-content\/uploads\/2025\/11\/WhatsApp-Image-2025-10-11-a-14.55.38_6efa2074-768x1102.jpg 768w, http:\/\/bagiliba.fr\/wp-content\/uploads\/2025\/11\/WhatsApp-Image-2025-10-11-a-14.55.38_6efa2074.jpg 1115w\" sizes=\"(max-width: 279px) 100vw, 279px\" \/><figcaption><strong><span class=\"has-inline-color has-luminous-vivid-orange-color\">avec Mohamed Kone et Siriki Traor<\/span><\/strong><\/figcaption><\/figure><\/div>\n\n\n\n<p class=\"has-black-color has-text-color\"><strong>21h <\/strong><\/p>\n\n\n\n<p class=\"has-luminous-vivid-orange-color has-text-color\"><strong>Spectacle \u00ab\u00a050\u00a0\u00bb<\/strong><\/p>\n\n\n\n<p class=\"has-luminous-vivid-orange-color has-text-color\"><strong>Salle du Coulet &#8211; Tourrettes<\/strong><\/p>\n\n\n\n<p class=\"has-black-color has-text-color\">En partenariat avec Pays de Fayence Solidaire.<\/p>\n\n\n\n<p class=\"has-black-color has-text-color\">Apr\u00e8s deux ans d&rsquo;errance sans papiers, ils sont convoqu\u00e9s \u00e0 la pr\u00e9fecture de police pour r\u00e9cup\u00e9rer leur r\u00e9c\u00e9piss\u00e9 de demande de r\u00e9gularisation. L&rsquo;attente dans ce couloir du temps est longue. Les deux jeunes majeurs en profitent pour exhumer de leur m\u00e9moire quelques souvenirs d&rsquo;ici et d&rsquo;ailleurs. Ils racontent avec humour, finesse et pudeur, leurs travers\u00e9es, le pourquoi de leur voyage, ce qu&rsquo;ils ont laiss\u00e9 derri\u00e8re eux, leurs r\u00eaves et leurs espoirs. Ils vous offrent un grand moment d&rsquo;humanit\u00e9 et d\u00e9montrent que les fins ne sont pas toujours celles qu&rsquo;on attend.<\/p>\n\n\n\n<p class=\"has-black-color has-text-color\"><em>Discussions et \u00e9changes \u00e0 la fin du spectacle.<\/em><\/p>\n\n\n\n<div class=\"wp-block-buttons aligncenter\">\n<div class=\"wp-block-button\"><a class=\"wp-block-button__link has-black-color has-luminous-vivid-amber-to-luminous-vivid-orange-gradient-background has-text-color has-background\" href=\"https:\/\/www.helloasso.com\/associations\/federation-bidepartementale-des-foyers-ruraux-83-06\/evenements\/23eme-festival-africain-bagiliba\" style=\"border-radius:50px\" target=\"_blank\" rel=\"noreferrer noopener\"><strong>BILLETTERIE<\/strong><\/a><\/div>\n<\/div>\n\n\n\n<figure class=\"wp-block-image size-large is-style-rounded\"><img loading=\"lazy\" width=\"794\" height=\"511\" src=\"http:\/\/bagiliba.fr\/wp-content\/uploads\/2025\/11\/860_traore_et_kone.jpg\" alt=\"\" class=\"wp-image-2495\" srcset=\"http:\/\/bagiliba.fr\/wp-content\/uploads\/2025\/11\/860_traore_et_kone.jpg 794w, http:\/\/bagiliba.fr\/wp-content\/uploads\/2025\/11\/860_traore_et_kone-300x193.jpg 300w, http:\/\/bagiliba.fr\/wp-content\/uploads\/2025\/11\/860_traore_et_kone-768x494.jpg 768w\" sizes=\"(max-width: 794px) 100vw, 794px\" \/><\/figure>\n\n\n\n<p class=\"has-luminous-vivid-orange-background-color has-background has-medium-font-size\"><strong>SAMEDI 15 NOVEMBRE<\/strong><\/p>\n\n\n\n<div class=\"wp-block-image is-style-rounded\"><figure class=\"alignleft size-large is-resized\"><img loading=\"lazy\" src=\"http:\/\/bagiliba.fr\/wp-content\/uploads\/2025\/11\/1200x680_mohamed_et_siriki.jpg\" alt=\"\" class=\"wp-image-2496\" width=\"209\" height=\"118\" srcset=\"http:\/\/bagiliba.fr\/wp-content\/uploads\/2025\/11\/1200x680_mohamed_et_siriki.jpg 480w, http:\/\/bagiliba.fr\/wp-content\/uploads\/2025\/11\/1200x680_mohamed_et_siriki-300x170.jpg 300w\" sizes=\"(max-width: 209px) 100vw, 209px\" \/><figcaption><strong><span class=\"has-inline-color has-luminous-vivid-orange-color\">avec Mohamed et Siriki<\/span><\/strong><\/figcaption><\/figure><\/div>\n\n\n\n<p><strong>10h30-12h<\/strong><\/p>\n\n\n\n<p><strong>Stage Th\u00e9\u00e2tre Tous publics<\/strong><\/p>\n\n\n\n<p>Salle du coulet &#8211; Tourrettes<\/p>\n\n\n\n<p>\u00c0 partir de 8 ans.<\/p>\n\n\n\n<p>Famille ou individuel : 5\u20ac<\/p>\n\n\n\n<div class=\"wp-block-buttons aligncenter\">\n<div class=\"wp-block-button\"><a class=\"wp-block-button__link has-black-color has-luminous-vivid-amber-to-luminous-vivid-orange-gradient-background has-text-color has-background\" href=\"https:\/\/www.helloasso.com\/associations\/federation-bidepartementale-des-foyers-ruraux-83-06\/evenements\/23eme-festival-africain-bagiliba\" style=\"border-radius:50px\" target=\"_blank\" rel=\"noreferrer noopener\"><strong>BILLETTERIE<\/strong><\/a><\/div>\n<\/div>\n","protected":false},"excerpt":{"rendered":"<p>VENDREDI 14 NOVEMBRE 21h Spectacle \u00ab\u00a050\u00a0\u00bb Salle du Coulet &#8211; Tourrettes En partenariat avec Pays de Fayence Solidaire. Apr\u00e8s deux ans d&rsquo;errance sans papiers, ils sont convoqu\u00e9s \u00e0 la pr\u00e9fecture de police pour r\u00e9cup\u00e9rer leur r\u00e9c\u00e9piss\u00e9 de demande de r\u00e9gularisation. L&rsquo;attente dans ce couloir du temps est longue. Les deux jeunes majeurs en profitent pour&hellip; <a href=\"http:\/\/bagiliba.fr\/index.php\/spectacle-50\/\" class=\"more-link\">Lire la suite <span class=\"screen-reader-text\">SPECTACLE 50<\/span><\/a><\/p>\n","protected":false},"author":1,"featured_media":0,"parent":0,"menu_order":0,"comment_status":"closed","ping_status":"closed","template":"","meta":[],"_links":{"self":[{"href":"http:\/\/bagiliba.fr\/index.php\/wp-json\/wp\/v2\/pages\/2459"}],"collection":[{"href":"http:\/\/bagiliba.fr\/index.php\/wp-json\/wp\/v2\/pages"}],"about":[{"href":"http:\/\/bagiliba.fr\/index.php\/wp-json\/wp\/v2\/types\/page"}],"author":[{"embeddable":true,"href":"http:\/\/bagiliba.fr\/index.php\/wp-json\/wp\/v2\/users\/1"}],"replies":[{"embeddable":true,"href":"http:\/\/bagiliba.fr\/index.php\/wp-json\/wp\/v2\/comments?post=2459"}],"version-history":[{"count":5,"href":"http:\/\/bagiliba.fr\/index.php\/wp-json\/wp\/v2\/pages\/2459\/revisions"}],"predecessor-version":[{"id":2529,"href":"http:\/\/bagiliba.fr\/index.php\/wp-json\/wp\/v2\/pages\/2459\/revisions\/2529"}],"wp:attachment":[{"href":"http:\/\/bagiliba.fr\/index.php\/wp-json\/wp\/v2\/media?parent=2459"}],"curies":[{"name":"wp","href":"https:\/\/api.w.org\/{rel}","templated":true}]}}

<p class="has-luminous-vivid-orange-background-color has-background has-medium-font-size"><strong>VENDREDI 14 NOVEMBRE</strong></p>



<div class="wp-block-image is-style-rounded"><figure class="alignleft size-large is-resized"><img loading="lazy" src="http://bagiliba.fr/wp-content/uploads/2025/11/WhatsApp-Image-2025-10-11-a-14.55.38_6efa2074-714x1024.jpg" alt="" class="wp-image-2493" width="279" height="399" srcset="http://bagiliba.fr/wp-content/uploads/2025/11/WhatsApp-Image-2025-10-11-a-14.55.38_6efa2074-714x1024.jpg 714w, http://bagiliba.fr/wp-content/uploads/2025/11/WhatsApp-Image-2025-10-11-a-14.55.38_6efa2074-209x300.jpg 209w, http://bagiliba.fr/wp-content/uploads/2025/11/WhatsApp-Image-2025-10-11-a-14.55.38_6efa2074-768x1102.jpg 768w, http://bagiliba.fr/wp-content/uploads/2025/11/WhatsApp-Image-2025-10-11-a-14.55.38_6efa2074.jpg 1115w" sizes="(max-width: 279px) 100vw, 279px" /><figcaption><strong><span class="has-inline-color has-luminous-vivid-orange-color">avec Mohamed Kone et Siriki Traor</span></strong></figcaption></figure></div>



<p class="has-black-color has-text-color"><strong>21h </strong></p>



<p class="has-luminous-vivid-orange-color has-text-color"><strong>Spectacle « 50 »</strong></p>



<p class="has-luminous-vivid-orange-color has-text-color"><strong>Salle du Coulet &#8211; Tourrettes</strong></p>



<p class="has-black-color has-text-color">En partenariat avec Pays de Fayence Solidaire.</p>



<p class="has-black-color has-text-color">Après deux ans d&rsquo;errance sans papiers, ils sont convoqués à la préfecture de police pour récupérer leur récépissé de demande de régularisation. L&rsquo;attente dans ce couloir du temps est longue. Les deux jeunes majeurs en profitent pour exhumer de leur mémoire quelques souvenirs d&rsquo;ici et d&rsquo;ailleurs. Ils racontent avec humour, finesse et pudeur, leurs traversées, le pourquoi de leur voyage, ce qu&rsquo;ils ont laissé derrière eux, leurs rêves et leurs espoirs. Ils vous offrent un grand moment d&rsquo;humanité et démontrent que les fins ne sont pas toujours celles qu&rsquo;on attend.</p>



<p class="has-black-color has-text-color"><em>Discussions et échanges à la fin du spectacle.</em></p>



<div class="wp-block-buttons aligncenter">
<div class="wp-block-button"><a class="wp-block-button__link has-black-color has-luminous-vivid-amber-to-luminous-vivid-orange-gradient-background has-text-color has-background" href="https://www.helloasso.com/associations/federation-bidepartementale-des-foyers-ruraux-83-06/evenements/23eme-festival-africain-bagiliba" style="border-radius:50px" target="_blank" rel="noreferrer noopener"><strong>BILLETTERIE</strong></a></div>
</div>



<figure class="wp-block-image size-large is-style-rounded"><img loading="lazy" width="794" height="511" src="http://bagiliba.fr/wp-content/uploads/2025/11/860_traore_et_kone.jpg" alt="" class="wp-image-2495" srcset="http://bagiliba.fr/wp-content/uploads/2025/11/860_traore_et_kone.jpg 794w, http://bagiliba.fr/wp-content/uploads/2025/11/860_traore_et_kone-300x193.jpg 300w, http://bagiliba.fr/wp-content/uploads/2025/11/860_traore_et_kone-768x494.jpg 768w" sizes="(max-width: 794px) 100vw, 794px" /></figure>



<p class="has-luminous-vivid-orange-background-color has-background has-medium-font-size"><strong>SAMEDI 15 NOVEMBRE</strong></p>



<div class="wp-block-image is-style-rounded"><figure class="alignleft size-large is-resized"><img loading="lazy" src="http://bagiliba.fr/wp-content/uploads/2025/11/1200x680_mohamed_et_siriki.jpg" alt="" class="wp-image-2496" width="209" height="118" srcset="http://bagiliba.fr/wp-content/uploads/2025/11/1200x680_mohamed_et_siriki.jpg 480w, http://bagiliba.fr/wp-content/uploads/2025/11/1200x680_mohamed_et_siriki-300x170.jpg 300w" sizes="(max-width: 209px) 100vw, 209px" /><figcaption><strong><span class="has-inline-color has-luminous-vivid-orange-color">avec Mohamed et Siriki</span></strong></figcaption></figure></div>



<p><strong>10h30-12h</strong></p>



<p><strong>Stage Théâtre Tous publics</strong></p>



<p>Salle du coulet &#8211; Tourrettes</p>



<p>À partir de 8 ans.</p>



<p>Famille ou individuel : 5€</p>



<div class="wp-block-buttons aligncenter">
<div class="wp-block-button"><a class="wp-block-button__link has-black-color has-luminous-vivid-amber-to-luminous-vivid-orange-gradient-background has-text-color has-background" href="https://www.helloasso.com/associations/federation-bidepartementale-des-foyers-ruraux-83-06/evenements/23eme-festival-africain-bagiliba" style="border-radius:50px" target="_blank" rel="noreferrer noopener"><strong>BILLETTERIE</strong></a></div>
</div>

<p>VENDREDI 14 NOVEMBRE 21h Spectacle « 50 » Salle du Coulet &#8211; Tourrettes En partenariat avec Pays de Fayence Solidaire. Après deux ans d&rsquo;errance sans papiers, ils sont convoqués à la préfecture de police pour récupérer leur récépissé de demande de régularisation. L&rsquo;attente dans ce couloir du temps est longue. Les deux jeunes majeurs en profitent pour&hellip; <a href="http://bagiliba.fr/index.php/spectacle-50/" class="more-link">Lire la suite <span class="screen-reader-text">SPECTACLE 50</span></a></p>
