{"id":2461,"date":"2025-11-03T12:52:46","date_gmt":"2025-11-03T11:52:46","guid":{"rendered":"http:\/\/bagiliba.fr\/?page_id=2461"},"modified":"2025-11-03T14:58:56","modified_gmt":"2025-11-03T13:58:56","slug":"contes-par-virginie-mouanda","status":"publish","type":"page","link":"http:\/\/bagiliba.fr\/index.php\/contes-par-virginie-mouanda\/","title":{"rendered":"CONTES PAR V. MOUANDA &#038; Atelier BD par AL&rsquo;MATA"},"content":{"rendered":"\n<p class=\"has-luminous-vivid-orange-background-color has-background has-medium-font-size\"><strong>JEUDI 13 NOVEMBRE \/ VENDREDI 14 NOVEMBRE<\/strong><\/p>\n\n\n\n<p class=\"has-black-color has-text-color\"><strong>S\u00e9ances scolaires en Pays de Fayence.<\/strong><\/p>\n\n\n\n<p class=\"has-black-color has-text-color\">Deux journ\u00e9es sont consacr\u00e9es \u00e0 des s\u00e9ances scolaires dans nos \u00e9coles du canton. Les \u00e9l\u00e8ves pourront \u00e9couter des contes avec Virginie Mouanda ou participer \u00e0 des ateliers d\u2019\u00e9criture de bandes dessin\u00e9es avec Al\u2019Mata.<\/p>\n\n\n\n<p class=\"has-black-color has-text-color\">Ces moments favorisent non seulement l\u2019ouverture \u00e0 la diversit\u00e9 culturelle, mais aussi la valorisation des traditions africaines souvent m\u00e9connues ou oubli\u00e9es.<\/p>\n\n\n\n<div class=\"wp-block-image is-style-rounded\"><figure class=\"alignleft size-large is-resized\"><img loading=\"lazy\" src=\"http:\/\/bagiliba.fr\/wp-content\/uploads\/2025\/11\/400731490_806677384589710_9216595781983318476_n-683x1024.jpg\" alt=\"\" class=\"wp-image-2479\" width=\"224\" height=\"335\" srcset=\"http:\/\/bagiliba.fr\/wp-content\/uploads\/2025\/11\/400731490_806677384589710_9216595781983318476_n-683x1024.jpg 683w, http:\/\/bagiliba.fr\/wp-content\/uploads\/2025\/11\/400731490_806677384589710_9216595781983318476_n-200x300.jpg 200w, http:\/\/bagiliba.fr\/wp-content\/uploads\/2025\/11\/400731490_806677384589710_9216595781983318476_n-768x1152.jpg 768w, http:\/\/bagiliba.fr\/wp-content\/uploads\/2025\/11\/400731490_806677384589710_9216595781983318476_n-1024x1536.jpg 1024w, http:\/\/bagiliba.fr\/wp-content\/uploads\/2025\/11\/400731490_806677384589710_9216595781983318476_n.jpg 1365w\" sizes=\"(max-width: 224px) 100vw, 224px\" \/><figcaption><strong><span class=\"has-inline-color has-vivid-cyan-blue-color\">avec Al&rsquo;Mata<\/span><\/strong><\/figcaption><\/figure><\/div>\n\n\n\n<p class=\"has-black-color has-text-color\"><strong>16H45-18H<\/strong><\/p>\n\n\n\n<p class=\"has-vivid-cyan-blue-color has-text-color\"><strong>Atelier BD \u00e0 partir de 9 ans<\/strong><\/p>\n\n\n\n<p class=\"has-vivid-cyan-blue-color has-text-color\"><strong>M\u00e9diath\u00e8que &#8211; Tourrettes<\/strong><\/p>\n\n\n\n<p class=\"has-black-color has-text-color\">Gratuit sur inscription.<\/p>\n\n\n\n<p class=\"has-black-color has-text-color\"><em>Alain Mata Mamengi, dit Al\u2019 Mata, est n\u00e9 \u00e0 Kinshasa en 1970. Dipl\u00f4me d\u2019Acad\u00e9mie des Beaux Arts de Kinshasa en poche, il est embauch\u00e9 comme caricaturiste au journal L\u2019Observateur avant d\u2019en devenir le directeur artistique. En 1998, Al\u2019 Mata remporte le \u00abCalque d\u2019or\u00bb qui r\u00e9compense les meilleurs caricaturistes des medias de Kinshasa et en 2000, il re\u00e7oit le Prix de la presse au 3\u00e8me Salon de la bande dessin\u00e9e. Aujourd\u2019hui, Al\u2019 Mata vit en France, et dans ses bandes dessin\u00e9es, il aborde souvent le th\u00e8me de l\u2019int\u00e9gration, comme dans Le retour au pays d\u2019Alphonse Madiba, dit Daudet.<\/em><\/p>\n\n\n\n<p class=\"has-luminous-vivid-orange-background-color has-background has-medium-font-size\"><strong>VENDREDI 14 NOVEMBRE<\/strong><\/p>\n\n\n\n<div class=\"wp-block-buttons aligncenter\">\n<div class=\"wp-block-button\"><a class=\"wp-block-button__link has-luminous-vivid-amber-to-luminous-vivid-orange-gradient-background has-text-color has-background\" href=\"https:\/\/www.helloasso.com\/associations\/federation-bidepartementale-des-foyers-ruraux-83-06\/evenements\/23eme-festival-africain-bagiliba\" style=\"border-radius:50px;color:#fffffa\" target=\"_blank\" rel=\"noreferrer noopener\"><strong>BILLETTERIE<\/strong><\/a><\/div>\n<\/div>\n\n\n\n<div class=\"wp-block-image is-style-rounded\"><figure class=\"alignleft size-large is-resized\"><img loading=\"lazy\" src=\"http:\/\/bagiliba.fr\/wp-content\/uploads\/2025\/11\/Virginie-NB_0-1024x1024.jpg\" alt=\"\" class=\"wp-image-2480\" width=\"220\" height=\"220\" srcset=\"http:\/\/bagiliba.fr\/wp-content\/uploads\/2025\/11\/Virginie-NB_0-1024x1024.jpg 1024w, http:\/\/bagiliba.fr\/wp-content\/uploads\/2025\/11\/Virginie-NB_0-300x300.jpg 300w, http:\/\/bagiliba.fr\/wp-content\/uploads\/2025\/11\/Virginie-NB_0-150x150.jpg 150w, http:\/\/bagiliba.fr\/wp-content\/uploads\/2025\/11\/Virginie-NB_0-768x768.jpg 768w, http:\/\/bagiliba.fr\/wp-content\/uploads\/2025\/11\/Virginie-NB_0-180x180.jpg 180w, http:\/\/bagiliba.fr\/wp-content\/uploads\/2025\/11\/Virginie-NB_0.jpg 1280w\" sizes=\"(max-width: 220px) 100vw, 220px\" \/><figcaption><strong><span class=\"has-inline-color has-luminous-vivid-orange-color\">avec Virginie Mouanda<\/span><\/strong><\/figcaption><\/figure><\/div>\n\n\n\n<p><strong>19h<\/strong><\/p>\n\n\n\n<p class=\"has-luminous-vivid-orange-color has-text-color\"><strong>Spectacle de contes \u201cPalabres d\u2019un soir&#8230;\u201d<\/strong> 60 mn.<\/p>\n\n\n\n<p class=\"has-luminous-vivid-orange-color has-text-color\"><strong>Salle du Coulet &#8211; Tourrettes<\/strong><\/p>\n\n\n\n<p class=\"has-black-color has-text-color\"><em>Un m\u00e9lange de r\u00e9cits, de contes et de sketches sur des sujets grin\u00e7ants, emprunts \u00e0 la soci\u00e9t\u00e9, pour nous parler de l\u2019Afrique d\u2019hier, mais aussi d\u2019aujourd\u2019hui avec humour.<\/em><\/p>\n\n\n\n<p class=\"has-black-color has-text-color\">\u00c0 partir de 12 ans &#8211; tarif soir\u00e9e voir le programme<\/p>\n\n\n\n<p class=\"has-luminous-vivid-orange-background-color has-background has-medium-font-size\"><strong>SAMEDI 15 NOVEMBRE<\/strong><\/p>\n\n\n\n<div class=\"wp-block-image is-style-rounded\"><figure class=\"alignleft size-large is-resized\"><img loading=\"lazy\" src=\"http:\/\/bagiliba.fr\/wp-content\/uploads\/2025\/11\/virginie_mouanda1_danielestades-1024x685.jpg\" alt=\"\" class=\"wp-image-2481\" width=\"239\" height=\"159\" srcset=\"http:\/\/bagiliba.fr\/wp-content\/uploads\/2025\/11\/virginie_mouanda1_danielestades-1024x685.jpg 1024w, http:\/\/bagiliba.fr\/wp-content\/uploads\/2025\/11\/virginie_mouanda1_danielestades-300x201.jpg 300w, http:\/\/bagiliba.fr\/wp-content\/uploads\/2025\/11\/virginie_mouanda1_danielestades-768x514.jpg 768w, http:\/\/bagiliba.fr\/wp-content\/uploads\/2025\/11\/virginie_mouanda1_danielestades-1536x1028.jpg 1536w, http:\/\/bagiliba.fr\/wp-content\/uploads\/2025\/11\/virginie_mouanda1_danielestades.jpg 1600w\" sizes=\"(max-width: 239px) 100vw, 239px\" \/><figcaption><strong><span class=\"has-inline-color has-pale-pink-color\">avec Virginie Mouanda<\/span><\/strong><\/figcaption><\/figure><\/div>\n\n\n\n<p class=\"has-black-color has-text-color\"><strong>15h<\/strong><\/p>\n\n\n\n<p class=\"has-pale-pink-color has-text-color\"><strong>Spectacle de contes \u201cParoles<\/strong><\/p>\n\n\n\n<p class=\"has-pale-pink-color has-text-color\"><strong>d\u2019animaux&#8230;! \u201d <\/strong>50 mn.<\/p>\n\n\n\n<p class=\"has-pale-pink-color has-text-color\"><strong>M\u00e9diath\u00e8que &#8211; Tourrettes<\/strong><\/p>\n\n\n\n<p class=\"has-black-color has-text-color\"><em>C\u2019\u00e9tait au temps o\u00f9 toutes les esp\u00e8ces<\/em><\/p>\n\n\n\n<p class=\"has-black-color has-text-color\"><em>animales vivaient ensemble et partageaient les m\u00eames pr\u00e9occupations. Les animaux et les homes parlant le m\u00eame langage, et pouvaient se marier entre eux.<\/em><\/p>\n\n\n\n<p class=\"has-black-color has-text-color\">\u00c0 partir de 6 ans \/ Participation libre<\/p>\n\n\n\n<p class=\"has-luminous-vivid-orange-background-color has-background has-medium-font-size\"><strong>DIMANCHE 16 NOVEMBRE<\/strong><\/p>\n\n\n\n<div class=\"wp-block-image is-style-rounded\"><figure class=\"alignleft size-large is-resized\"><img loading=\"lazy\" src=\"http:\/\/bagiliba.fr\/wp-content\/uploads\/2025\/11\/virginie_mouanda3_danielestades-685x1024.jpg\" alt=\"\" class=\"wp-image-2482\" width=\"214\" height=\"319\" srcset=\"http:\/\/bagiliba.fr\/wp-content\/uploads\/2025\/11\/virginie_mouanda3_danielestades-685x1024.jpg 685w, http:\/\/bagiliba.fr\/wp-content\/uploads\/2025\/11\/virginie_mouanda3_danielestades-201x300.jpg 201w, http:\/\/bagiliba.fr\/wp-content\/uploads\/2025\/11\/virginie_mouanda3_danielestades-768x1147.jpg 768w, http:\/\/bagiliba.fr\/wp-content\/uploads\/2025\/11\/virginie_mouanda3_danielestades.jpg 1004w\" sizes=\"(max-width: 214px) 100vw, 214px\" \/><figcaption><strong><span class=\"has-inline-color has-vivid-red-color\">avec Virginie Mouanda<\/span><\/strong><\/figcaption><\/figure><\/div>\n\n\n\n<p class=\"has-black-color has-text-color\"><strong>16h30<\/strong><\/p>\n\n\n\n<p class=\"has-vivid-red-color has-text-color\"><strong>Spectacle de contes \u201cPromenons nous dans la savane, tant que le lion n\u2019y est pas&#8230;\u201d. <\/strong><\/p>\n\n\n\n<p class=\"has-vivid-red-color has-text-color\">50 mn<\/p>\n\n\n\n<p class=\"has-vivid-red-color has-text-color\"><strong>Espace Culturel &#8211; Fayence<\/strong><\/p>\n\n\n\n<p class=\"has-black-color has-text-color\">\u00c0 partir de 4 ans \/ Participation libre<\/p>\n","protected":false},"excerpt":{"rendered":"<p>JEUDI 13 NOVEMBRE \/ VENDREDI 14 NOVEMBRE S\u00e9ances scolaires en Pays de Fayence. Deux journ\u00e9es sont consacr\u00e9es \u00e0 des s\u00e9ances scolaires dans nos \u00e9coles du canton. Les \u00e9l\u00e8ves pourront \u00e9couter des contes avec Virginie Mouanda ou participer \u00e0 des ateliers d\u2019\u00e9criture de bandes dessin\u00e9es avec Al\u2019Mata. Ces moments favorisent non seulement l\u2019ouverture \u00e0 la diversit\u00e9&hellip; <a href=\"http:\/\/bagiliba.fr\/index.php\/contes-par-virginie-mouanda\/\" class=\"more-link\">Lire la suite <span class=\"screen-reader-text\">CONTES PAR V. MOUANDA &#038; Atelier BD par AL&rsquo;MATA<\/span><\/a><\/p>\n","protected":false},"author":1,"featured_media":0,"parent":0,"menu_order":0,"comment_status":"closed","ping_status":"closed","template":"","meta":[],"_links":{"self":[{"href":"http:\/\/bagiliba.fr\/index.php\/wp-json\/wp\/v2\/pages\/2461"}],"collection":[{"href":"http:\/\/bagiliba.fr\/index.php\/wp-json\/wp\/v2\/pages"}],"about":[{"href":"http:\/\/bagiliba.fr\/index.php\/wp-json\/wp\/v2\/types\/page"}],"author":[{"embeddable":true,"href":"http:\/\/bagiliba.fr\/index.php\/wp-json\/wp\/v2\/users\/1"}],"replies":[{"embeddable":true,"href":"http:\/\/bagiliba.fr\/index.php\/wp-json\/wp\/v2\/comments?post=2461"}],"version-history":[{"count":5,"href":"http:\/\/bagiliba.fr\/index.php\/wp-json\/wp\/v2\/pages\/2461\/revisions"}],"predecessor-version":[{"id":2528,"href":"http:\/\/bagiliba.fr\/index.php\/wp-json\/wp\/v2\/pages\/2461\/revisions\/2528"}],"wp:attachment":[{"href":"http:\/\/bagiliba.fr\/index.php\/wp-json\/wp\/v2\/media?parent=2461"}],"curies":[{"name":"wp","href":"https:\/\/api.w.org\/{rel}","templated":true}]}}

<p class="has-luminous-vivid-orange-background-color has-background has-medium-font-size"><strong>JEUDI 13 NOVEMBRE / VENDREDI 14 NOVEMBRE</strong></p>



<p class="has-black-color has-text-color"><strong>Séances scolaires en Pays de Fayence.</strong></p>



<p class="has-black-color has-text-color">Deux journées sont consacrées à des séances scolaires dans nos écoles du canton. Les élèves pourront écouter des contes avec Virginie Mouanda ou participer à des ateliers d’écriture de bandes dessinées avec Al’Mata.</p>



<p class="has-black-color has-text-color">Ces moments favorisent non seulement l’ouverture à la diversité culturelle, mais aussi la valorisation des traditions africaines souvent méconnues ou oubliées.</p>



<div class="wp-block-image is-style-rounded"><figure class="alignleft size-large is-resized"><img loading="lazy" src="http://bagiliba.fr/wp-content/uploads/2025/11/400731490_806677384589710_9216595781983318476_n-683x1024.jpg" alt="" class="wp-image-2479" width="224" height="335" srcset="http://bagiliba.fr/wp-content/uploads/2025/11/400731490_806677384589710_9216595781983318476_n-683x1024.jpg 683w, http://bagiliba.fr/wp-content/uploads/2025/11/400731490_806677384589710_9216595781983318476_n-200x300.jpg 200w, http://bagiliba.fr/wp-content/uploads/2025/11/400731490_806677384589710_9216595781983318476_n-768x1152.jpg 768w, http://bagiliba.fr/wp-content/uploads/2025/11/400731490_806677384589710_9216595781983318476_n-1024x1536.jpg 1024w, http://bagiliba.fr/wp-content/uploads/2025/11/400731490_806677384589710_9216595781983318476_n.jpg 1365w" sizes="(max-width: 224px) 100vw, 224px" /><figcaption><strong><span class="has-inline-color has-vivid-cyan-blue-color">avec Al&rsquo;Mata</span></strong></figcaption></figure></div>



<p class="has-black-color has-text-color"><strong>16H45-18H</strong></p>



<p class="has-vivid-cyan-blue-color has-text-color"><strong>Atelier BD à partir de 9 ans</strong></p>



<p class="has-vivid-cyan-blue-color has-text-color"><strong>Médiathèque &#8211; Tourrettes</strong></p>



<p class="has-black-color has-text-color">Gratuit sur inscription.</p>



<p class="has-black-color has-text-color"><em>Alain Mata Mamengi, dit Al’ Mata, est né à Kinshasa en 1970. Diplôme d’Académie des Beaux Arts de Kinshasa en poche, il est embauché comme caricaturiste au journal L’Observateur avant d’en devenir le directeur artistique. En 1998, Al’ Mata remporte le «Calque d’or» qui récompense les meilleurs caricaturistes des medias de Kinshasa et en 2000, il reçoit le Prix de la presse au 3ème Salon de la bande dessinée. Aujourd’hui, Al’ Mata vit en France, et dans ses bandes dessinées, il aborde souvent le thème de l’intégration, comme dans Le retour au pays d’Alphonse Madiba, dit Daudet.</em></p>



<p class="has-luminous-vivid-orange-background-color has-background has-medium-font-size"><strong>VENDREDI 14 NOVEMBRE</strong></p>



<div class="wp-block-buttons aligncenter">
<div class="wp-block-button"><a class="wp-block-button__link has-luminous-vivid-amber-to-luminous-vivid-orange-gradient-background has-text-color has-background" href="https://www.helloasso.com/associations/federation-bidepartementale-des-foyers-ruraux-83-06/evenements/23eme-festival-africain-bagiliba" style="border-radius:50px;color:#fffffa" target="_blank" rel="noreferrer noopener"><strong>BILLETTERIE</strong></a></div>
</div>



<div class="wp-block-image is-style-rounded"><figure class="alignleft size-large is-resized"><img loading="lazy" src="http://bagiliba.fr/wp-content/uploads/2025/11/Virginie-NB_0-1024x1024.jpg" alt="" class="wp-image-2480" width="220" height="220" srcset="http://bagiliba.fr/wp-content/uploads/2025/11/Virginie-NB_0-1024x1024.jpg 1024w, http://bagiliba.fr/wp-content/uploads/2025/11/Virginie-NB_0-300x300.jpg 300w, http://bagiliba.fr/wp-content/uploads/2025/11/Virginie-NB_0-150x150.jpg 150w, http://bagiliba.fr/wp-content/uploads/2025/11/Virginie-NB_0-768x768.jpg 768w, http://bagiliba.fr/wp-content/uploads/2025/11/Virginie-NB_0-180x180.jpg 180w, http://bagiliba.fr/wp-content/uploads/2025/11/Virginie-NB_0.jpg 1280w" sizes="(max-width: 220px) 100vw, 220px" /><figcaption><strong><span class="has-inline-color has-luminous-vivid-orange-color">avec Virginie Mouanda</span></strong></figcaption></figure></div>



<p><strong>19h</strong></p>



<p class="has-luminous-vivid-orange-color has-text-color"><strong>Spectacle de contes “Palabres d’un soir&#8230;”</strong> 60 mn.</p>



<p class="has-luminous-vivid-orange-color has-text-color"><strong>Salle du Coulet &#8211; Tourrettes</strong></p>



<p class="has-black-color has-text-color"><em>Un mélange de récits, de contes et de sketches sur des sujets grinçants, emprunts à la société, pour nous parler de l’Afrique d’hier, mais aussi d’aujourd’hui avec humour.</em></p>



<p class="has-black-color has-text-color">À partir de 12 ans &#8211; tarif soirée voir le programme</p>



<p class="has-luminous-vivid-orange-background-color has-background has-medium-font-size"><strong>SAMEDI 15 NOVEMBRE</strong></p>



<div class="wp-block-image is-style-rounded"><figure class="alignleft size-large is-resized"><img loading="lazy" src="http://bagiliba.fr/wp-content/uploads/2025/11/virginie_mouanda1_danielestades-1024x685.jpg" alt="" class="wp-image-2481" width="239" height="159" srcset="http://bagiliba.fr/wp-content/uploads/2025/11/virginie_mouanda1_danielestades-1024x685.jpg 1024w, http://bagiliba.fr/wp-content/uploads/2025/11/virginie_mouanda1_danielestades-300x201.jpg 300w, http://bagiliba.fr/wp-content/uploads/2025/11/virginie_mouanda1_danielestades-768x514.jpg 768w, http://bagiliba.fr/wp-content/uploads/2025/11/virginie_mouanda1_danielestades-1536x1028.jpg 1536w, http://bagiliba.fr/wp-content/uploads/2025/11/virginie_mouanda1_danielestades.jpg 1600w" sizes="(max-width: 239px) 100vw, 239px" /><figcaption><strong><span class="has-inline-color has-pale-pink-color">avec Virginie Mouanda</span></strong></figcaption></figure></div>



<p class="has-black-color has-text-color"><strong>15h</strong></p>



<p class="has-pale-pink-color has-text-color"><strong>Spectacle de contes “Paroles</strong></p>



<p class="has-pale-pink-color has-text-color"><strong>d’animaux&#8230;! ” </strong>50 mn.</p>



<p class="has-pale-pink-color has-text-color"><strong>Médiathèque &#8211; Tourrettes</strong></p>



<p class="has-black-color has-text-color"><em>C’était au temps où toutes les espèces</em></p>



<p class="has-black-color has-text-color"><em>animales vivaient ensemble et partageaient les mêmes préoccupations. Les animaux et les homes parlant le même langage, et pouvaient se marier entre eux.</em></p>



<p class="has-black-color has-text-color">À partir de 6 ans / Participation libre</p>



<p class="has-luminous-vivid-orange-background-color has-background has-medium-font-size"><strong>DIMANCHE 16 NOVEMBRE</strong></p>



<div class="wp-block-image is-style-rounded"><figure class="alignleft size-large is-resized"><img loading="lazy" src="http://bagiliba.fr/wp-content/uploads/2025/11/virginie_mouanda3_danielestades-685x1024.jpg" alt="" class="wp-image-2482" width="214" height="319" srcset="http://bagiliba.fr/wp-content/uploads/2025/11/virginie_mouanda3_danielestades-685x1024.jpg 685w, http://bagiliba.fr/wp-content/uploads/2025/11/virginie_mouanda3_danielestades-201x300.jpg 201w, http://bagiliba.fr/wp-content/uploads/2025/11/virginie_mouanda3_danielestades-768x1147.jpg 768w, http://bagiliba.fr/wp-content/uploads/2025/11/virginie_mouanda3_danielestades.jpg 1004w" sizes="(max-width: 214px) 100vw, 214px" /><figcaption><strong><span class="has-inline-color has-vivid-red-color">avec Virginie Mouanda</span></strong></figcaption></figure></div>



<p class="has-black-color has-text-color"><strong>16h30</strong></p>



<p class="has-vivid-red-color has-text-color"><strong>Spectacle de contes “Promenons nous dans la savane, tant que le lion n’y est pas&#8230;”. </strong></p>



<p class="has-vivid-red-color has-text-color">50 mn</p>



<p class="has-vivid-red-color has-text-color"><strong>Espace Culturel &#8211; Fayence</strong></p>



<p class="has-black-color has-text-color">À partir de 4 ans / Participation libre</p>

<p>JEUDI 13 NOVEMBRE / VENDREDI 14 NOVEMBRE Séances scolaires en Pays de Fayence. Deux journées sont consacrées à des séances scolaires dans nos écoles du canton. Les élèves pourront écouter des contes avec Virginie Mouanda ou participer à des ateliers d’écriture de bandes dessinées avec Al’Mata. Ces moments favorisent non seulement l’ouverture à la diversité&hellip; <a href="http://bagiliba.fr/index.php/contes-par-virginie-mouanda/" class="more-link">Lire la suite <span class="screen-reader-text">CONTES PAR V. MOUANDA &#038; Atelier BD par AL&rsquo;MATA</span></a></p>
