{"id":2465,"date":"2025-11-03T12:53:37","date_gmt":"2025-11-03T11:53:37","guid":{"rendered":"http:\/\/bagiliba.fr\/?page_id=2465"},"modified":"2025-11-03T14:57:36","modified_gmt":"2025-11-03T13:57:36","slug":"stages-de-danses","status":"publish","type":"page","link":"http:\/\/bagiliba.fr\/index.php\/stages-de-danses\/","title":{"rendered":"STAGES DE DANSES"},"content":{"rendered":"\n<p class=\"has-vivid-cyan-blue-background-color has-background has-medium-font-size\"><strong>SAMEDI 15 NOVEMBRE<\/strong><\/p>\n\n\n\n<div class=\"wp-block-image is-style-rounded\"><figure class=\"alignleft size-large is-resized\"><img loading=\"lazy\" src=\"http:\/\/bagiliba.fr\/wp-content\/uploads\/2025\/11\/LAMINE-593x1024.jpg\" alt=\"\" class=\"wp-image-2489\" width=\"198\" height=\"342\" srcset=\"http:\/\/bagiliba.fr\/wp-content\/uploads\/2025\/11\/LAMINE-593x1024.jpg 593w, http:\/\/bagiliba.fr\/wp-content\/uploads\/2025\/11\/LAMINE-174x300.jpg 174w, http:\/\/bagiliba.fr\/wp-content\/uploads\/2025\/11\/LAMINE-768x1326.jpg 768w, http:\/\/bagiliba.fr\/wp-content\/uploads\/2025\/11\/LAMINE-890x1536.jpg 890w, http:\/\/bagiliba.fr\/wp-content\/uploads\/2025\/11\/LAMINE-1187x2048.jpg 1187w, http:\/\/bagiliba.fr\/wp-content\/uploads\/2025\/11\/LAMINE-scaled.jpg 1483w\" sizes=\"(max-width: 198px) 100vw, 198px\" \/><figcaption><strong><span class=\"has-inline-color has-vivid-cyan-blue-color\">Lamine Camara<\/span><\/strong><\/figcaption><\/figure><\/div>\n\n\n\n<p class=\"has-black-color has-text-color\"><strong>14h30-16h30<\/strong><\/p>\n\n\n\n<p class=\"has-black-color has-text-color\"><strong>Stage de danses traditionnelles de Guin\u00e9e<\/strong><\/p>\n\n\n\n<p class=\"has-vivid-cyan-blue-color has-text-color\"><strong>Salle du Coulet &#8211; Tourrettes<\/strong><\/p>\n\n\n\n<p class=\"has-black-color has-text-color\">Originaire de Boffa (R\u00e9gion de la Basse c\u00f4te<\/p>\n\n\n\n<p class=\"has-black-color has-text-color\">en Guin\u00e9e), Lamine Camara dit \u00ab\u00a0Mal\u00e9 Sw\u00ea\u00a0\u00bb<\/p>\n\n\n\n<p class=\"has-black-color has-text-color\">\u00e9volue en tant que danseur professionnel<\/p>\n\n\n\n<p class=\"has-black-color has-text-color\">depuis 2006 Sa danse se caract\u00e9rise par sa fluidit\u00e9 et sa puissante \u00e9nergie, rythm\u00e9 par le souffle, tout en pr\u00e9servant un respect corporel remarquable.<\/p>\n\n\n\n<p class=\"has-black-color has-text-color\"><em>25\u20ac tarif normal \/ 20\u20ac tarif r\u00e9duit (\u00e9tudiant, adh\u00e9rent, minima sociaux)<\/em><\/p>\n\n\n\n<div class=\"wp-block-buttons aligncenter\">\n<div class=\"wp-block-button\"><a class=\"wp-block-button__link has-vivid-cyan-blue-to-vivid-purple-gradient-background has-text-color has-background\" href=\"https:\/\/www.helloasso.com\/associations\/federation-bidepartementale-des-foyers-ruraux-83-06\/evenements\/23eme-festival-africain-bagiliba\" style=\"border-radius:50px;color:#fffffa\" target=\"_blank\" rel=\"noreferrer noopener\"><strong>BILLETTERIE<\/strong><\/a><\/div>\n<\/div>\n\n\n\n<p class=\"has-vivid-cyan-blue-background-color has-background has-medium-font-size\"><strong>DIMANCHE 16 NOVEMBRE<\/strong><\/p>\n\n\n\n<div class=\"wp-block-image is-style-rounded\"><figure class=\"alignleft size-large is-resized\"><img loading=\"lazy\" src=\"http:\/\/bagiliba.fr\/wp-content\/uploads\/2025\/11\/Capture-decran-2025-10-24-133735.png\" alt=\"\" class=\"wp-image-2490\" width=\"212\" height=\"240\" srcset=\"http:\/\/bagiliba.fr\/wp-content\/uploads\/2025\/11\/Capture-decran-2025-10-24-133735.png 345w, http:\/\/bagiliba.fr\/wp-content\/uploads\/2025\/11\/Capture-decran-2025-10-24-133735-265x300.png 265w\" sizes=\"(max-width: 212px) 100vw, 212px\" \/><figcaption><strong><span style=\"color:#ff00c8\" class=\"has-inline-color\">Alexis Cappelletto<\/span><\/strong><\/figcaption><\/figure><\/div>\n\n\n\n<p><strong>10h-12h<\/strong><\/p>\n\n\n\n<p class=\"has-black-color has-text-color\"><strong>Stage Afro Dance Tous publics<\/strong><\/p>\n\n\n\n<p class=\"has-black-color has-text-color\">\u00c0 partir de 8 ans.<\/p>\n\n\n\n<p class=\"has-black-color has-text-color\">Espace Culturel &#8211; Fayence<\/p>\n\n\n\n<p class=\"has-black-color has-text-color\">Famille ou individuel : <\/p>\n\n\n\n<p class=\"has-black-color has-text-color\">10\u20ac Normal &#8211; 8\u20ac Adh\u00e9rent<\/p>\n\n\n\n<div class=\"wp-block-buttons aligncenter\">\n<div class=\"wp-block-button\"><a class=\"wp-block-button__link has-luminous-dusk-gradient-background has-text-color has-background\" href=\"https:\/\/www.helloasso.com\/associations\/federation-bidepartementale-des-foyers-ruraux-83-06\/evenements\/23eme-festival-africain-bagiliba\" style=\"border-radius:50px;color:#fffffa\" target=\"_blank\" rel=\"noreferrer noopener\"><strong>BILLETTERIE<\/strong><\/a><\/div>\n<\/div>\n","protected":false},"excerpt":{"rendered":"<p>SAMEDI 15 NOVEMBRE 14h30-16h30 Stage de danses traditionnelles de Guin\u00e9e Salle du Coulet &#8211; Tourrettes Originaire de Boffa (R\u00e9gion de la Basse c\u00f4te en Guin\u00e9e), Lamine Camara dit \u00ab\u00a0Mal\u00e9 Sw\u00ea\u00a0\u00bb \u00e9volue en tant que danseur professionnel depuis 2006 Sa danse se caract\u00e9rise par sa fluidit\u00e9 et sa puissante \u00e9nergie, rythm\u00e9 par le souffle, tout en&hellip; <a href=\"http:\/\/bagiliba.fr\/index.php\/stages-de-danses\/\" class=\"more-link\">Lire la suite <span class=\"screen-reader-text\">STAGES DE DANSES<\/span><\/a><\/p>\n","protected":false},"author":1,"featured_media":0,"parent":0,"menu_order":0,"comment_status":"closed","ping_status":"closed","template":"","meta":[],"_links":{"self":[{"href":"http:\/\/bagiliba.fr\/index.php\/wp-json\/wp\/v2\/pages\/2465"}],"collection":[{"href":"http:\/\/bagiliba.fr\/index.php\/wp-json\/wp\/v2\/pages"}],"about":[{"href":"http:\/\/bagiliba.fr\/index.php\/wp-json\/wp\/v2\/types\/page"}],"author":[{"embeddable":true,"href":"http:\/\/bagiliba.fr\/index.php\/wp-json\/wp\/v2\/users\/1"}],"replies":[{"embeddable":true,"href":"http:\/\/bagiliba.fr\/index.php\/wp-json\/wp\/v2\/comments?post=2465"}],"version-history":[{"count":3,"href":"http:\/\/bagiliba.fr\/index.php\/wp-json\/wp\/v2\/pages\/2465\/revisions"}],"predecessor-version":[{"id":2527,"href":"http:\/\/bagiliba.fr\/index.php\/wp-json\/wp\/v2\/pages\/2465\/revisions\/2527"}],"wp:attachment":[{"href":"http:\/\/bagiliba.fr\/index.php\/wp-json\/wp\/v2\/media?parent=2465"}],"curies":[{"name":"wp","href":"https:\/\/api.w.org\/{rel}","templated":true}]}}

<p class="has-vivid-cyan-blue-background-color has-background has-medium-font-size"><strong>SAMEDI 15 NOVEMBRE</strong></p>



<div class="wp-block-image is-style-rounded"><figure class="alignleft size-large is-resized"><img loading="lazy" src="http://bagiliba.fr/wp-content/uploads/2025/11/LAMINE-593x1024.jpg" alt="" class="wp-image-2489" width="198" height="342" srcset="http://bagiliba.fr/wp-content/uploads/2025/11/LAMINE-593x1024.jpg 593w, http://bagiliba.fr/wp-content/uploads/2025/11/LAMINE-174x300.jpg 174w, http://bagiliba.fr/wp-content/uploads/2025/11/LAMINE-768x1326.jpg 768w, http://bagiliba.fr/wp-content/uploads/2025/11/LAMINE-890x1536.jpg 890w, http://bagiliba.fr/wp-content/uploads/2025/11/LAMINE-1187x2048.jpg 1187w, http://bagiliba.fr/wp-content/uploads/2025/11/LAMINE-scaled.jpg 1483w" sizes="(max-width: 198px) 100vw, 198px" /><figcaption><strong><span class="has-inline-color has-vivid-cyan-blue-color">Lamine Camara</span></strong></figcaption></figure></div>



<p class="has-black-color has-text-color"><strong>14h30-16h30</strong></p>



<p class="has-black-color has-text-color"><strong>Stage de danses traditionnelles de Guinée</strong></p>



<p class="has-vivid-cyan-blue-color has-text-color"><strong>Salle du Coulet &#8211; Tourrettes</strong></p>



<p class="has-black-color has-text-color">Originaire de Boffa (Région de la Basse côte</p>



<p class="has-black-color has-text-color">en Guinée), Lamine Camara dit « Malé Swê »</p>



<p class="has-black-color has-text-color">évolue en tant que danseur professionnel</p>



<p class="has-black-color has-text-color">depuis 2006 Sa danse se caractérise par sa fluidité et sa puissante énergie, rythmé par le souffle, tout en préservant un respect corporel remarquable.</p>



<p class="has-black-color has-text-color"><em>25€ tarif normal / 20€ tarif réduit (étudiant, adhérent, minima sociaux)</em></p>



<div class="wp-block-buttons aligncenter">
<div class="wp-block-button"><a class="wp-block-button__link has-vivid-cyan-blue-to-vivid-purple-gradient-background has-text-color has-background" href="https://www.helloasso.com/associations/federation-bidepartementale-des-foyers-ruraux-83-06/evenements/23eme-festival-africain-bagiliba" style="border-radius:50px;color:#fffffa" target="_blank" rel="noreferrer noopener"><strong>BILLETTERIE</strong></a></div>
</div>



<p class="has-vivid-cyan-blue-background-color has-background has-medium-font-size"><strong>DIMANCHE 16 NOVEMBRE</strong></p>



<div class="wp-block-image is-style-rounded"><figure class="alignleft size-large is-resized"><img loading="lazy" src="http://bagiliba.fr/wp-content/uploads/2025/11/Capture-decran-2025-10-24-133735.png" alt="" class="wp-image-2490" width="212" height="240" srcset="http://bagiliba.fr/wp-content/uploads/2025/11/Capture-decran-2025-10-24-133735.png 345w, http://bagiliba.fr/wp-content/uploads/2025/11/Capture-decran-2025-10-24-133735-265x300.png 265w" sizes="(max-width: 212px) 100vw, 212px" /><figcaption><strong><span style="color:#ff00c8" class="has-inline-color">Alexis Cappelletto</span></strong></figcaption></figure></div>



<p><strong>10h-12h</strong></p>



<p class="has-black-color has-text-color"><strong>Stage Afro Dance Tous publics</strong></p>



<p class="has-black-color has-text-color">À partir de 8 ans.</p>



<p class="has-black-color has-text-color">Espace Culturel &#8211; Fayence</p>



<p class="has-black-color has-text-color">Famille ou individuel : </p>



<p class="has-black-color has-text-color">10€ Normal &#8211; 8€ Adhérent</p>



<div class="wp-block-buttons aligncenter">
<div class="wp-block-button"><a class="wp-block-button__link has-luminous-dusk-gradient-background has-text-color has-background" href="https://www.helloasso.com/associations/federation-bidepartementale-des-foyers-ruraux-83-06/evenements/23eme-festival-africain-bagiliba" style="border-radius:50px;color:#fffffa" target="_blank" rel="noreferrer noopener"><strong>BILLETTERIE</strong></a></div>
</div>

<p>SAMEDI 15 NOVEMBRE 14h30-16h30 Stage de danses traditionnelles de Guinée Salle du Coulet &#8211; Tourrettes Originaire de Boffa (Région de la Basse côte en Guinée), Lamine Camara dit « Malé Swê » évolue en tant que danseur professionnel depuis 2006 Sa danse se caractérise par sa fluidité et sa puissante énergie, rythmé par le souffle, tout en&hellip; <a href="http://bagiliba.fr/index.php/stages-de-danses/" class="more-link">Lire la suite <span class="screen-reader-text">STAGES DE DANSES</span></a></p>
