{"id":746,"date":"2019-10-10T15:24:00","date_gmt":"2019-10-10T13:24:00","guid":{"rendered":"http:\/\/bagiliba.fr\/?page_id=746"},"modified":"2022-10-17T11:28:32","modified_gmt":"2022-10-17T09:28:32","slug":"bami-village-compagnie-de-theatre","status":"publish","type":"page","link":"http:\/\/bagiliba.fr\/index.php\/edition-2019\/artistes\/bami-village-compagnie-de-theatre\/","title":{"rendered":"Fran\u00e7ois Mo\u00efse BAMBA"},"content":{"rendered":"\n<figure class=\"wp-block-image size-large\"><img loading=\"lazy\" width=\"1024\" height=\"682\" src=\"http:\/\/bagiliba.fr\/wp-content\/uploads\/2022\/10\/IMG_2899-Copier-1024x682.jpg\" alt=\"\" class=\"wp-image-1155\" srcset=\"http:\/\/bagiliba.fr\/wp-content\/uploads\/2022\/10\/IMG_2899-Copier-1024x682.jpg 1024w, http:\/\/bagiliba.fr\/wp-content\/uploads\/2022\/10\/IMG_2899-Copier-300x200.jpg 300w, http:\/\/bagiliba.fr\/wp-content\/uploads\/2022\/10\/IMG_2899-Copier-768x512.jpg 768w, http:\/\/bagiliba.fr\/wp-content\/uploads\/2022\/10\/IMG_2899-Copier.jpg 1280w\" sizes=\"(max-width: 1024px) 100vw, 1024px\" \/><\/figure>\n\n\n\n<p>Contes et l\u00e9gendes du Burkina Faso avec Fran\u00e7ois Mo\u00efse BAMBA <\/p>\n\n\n\n<p>\u00c9couter Fran\u00e7ois Mo\u00efse Bamba, c\u2019est d\u00e9couvrir \u00e0 la fois les contes les plus pittoresques du Burkina Faso, la vie quotidienne d\u2019un pays et la sagesse de tout un peuple. Tour \u00e0 tour ethnologue, musicien, conteur, Fran\u00e7ois perp\u00e9tue l\u2019art de la transmission avec g\u00e9n\u00e9rosit\u00e9 et une bonne humeur communicative par-del\u00e0 les fronti\u00e8res.<\/p>\n\n\n\n<p><strong>JEUDI 10 NOVEMBRE<\/strong><\/p>\n\n\n\n<p>17h30 : Foyer Municipal BAGNOLS EN FORET suivi d\u2019un pot de l\u2019amiti\u00e9 offert par le Foyer Rural de Bagnols.<\/p>\n\n\n\n<p><strong>VENDREDI 11 NOVEMBRE<\/strong><\/p>\n\n\n\n<p>16h30 : M\u00e9diath\u00e8que CALLIAN &#8211; Contes avec Fran\u00e7ois Mo\u00efse BAMBA &#8211; Entr\u00e9e libre<\/p>\n","protected":false},"excerpt":{"rendered":"<p>Contes et l\u00e9gendes du Burkina Faso avec Fran\u00e7ois Mo\u00efse BAMBA \u00c9couter Fran\u00e7ois Mo\u00efse Bamba, c\u2019est d\u00e9couvrir \u00e0 la fois les contes les plus pittoresques du Burkina Faso, la vie quotidienne d\u2019un pays et la sagesse de tout un peuple. Tour \u00e0 tour ethnologue, musicien, conteur, Fran\u00e7ois perp\u00e9tue l\u2019art de la transmission avec g\u00e9n\u00e9rosit\u00e9 et une&hellip; <a href=\"http:\/\/bagiliba.fr\/index.php\/edition-2019\/artistes\/bami-village-compagnie-de-theatre\/\" class=\"more-link\">Lire la suite <span class=\"screen-reader-text\">Fran\u00e7ois Mo\u00efse BAMBA<\/span><\/a><\/p>\n","protected":false},"author":1,"featured_media":0,"parent":743,"menu_order":1,"comment_status":"closed","ping_status":"closed","template":"","meta":[],"_links":{"self":[{"href":"http:\/\/bagiliba.fr\/index.php\/wp-json\/wp\/v2\/pages\/746"}],"collection":[{"href":"http:\/\/bagiliba.fr\/index.php\/wp-json\/wp\/v2\/pages"}],"about":[{"href":"http:\/\/bagiliba.fr\/index.php\/wp-json\/wp\/v2\/types\/page"}],"author":[{"embeddable":true,"href":"http:\/\/bagiliba.fr\/index.php\/wp-json\/wp\/v2\/users\/1"}],"replies":[{"embeddable":true,"href":"http:\/\/bagiliba.fr\/index.php\/wp-json\/wp\/v2\/comments?post=746"}],"version-history":[{"count":12,"href":"http:\/\/bagiliba.fr\/index.php\/wp-json\/wp\/v2\/pages\/746\/revisions"}],"predecessor-version":[{"id":1156,"href":"http:\/\/bagiliba.fr\/index.php\/wp-json\/wp\/v2\/pages\/746\/revisions\/1156"}],"up":[{"embeddable":true,"href":"http:\/\/bagiliba.fr\/index.php\/wp-json\/wp\/v2\/pages\/743"}],"wp:attachment":[{"href":"http:\/\/bagiliba.fr\/index.php\/wp-json\/wp\/v2\/media?parent=746"}],"curies":[{"name":"wp","href":"https:\/\/api.w.org\/{rel}","templated":true}]}}

François Moïse BAMBA

<figure class="wp-block-image size-large"><img loading="lazy" width="1024" height="682" src="http://bagiliba.fr/wp-content/uploads/2022/10/IMG_2899-Copier-1024x682.jpg" alt="" class="wp-image-1155" srcset="http://bagiliba.fr/wp-content/uploads/2022/10/IMG_2899-Copier-1024x682.jpg 1024w, http://bagiliba.fr/wp-content/uploads/2022/10/IMG_2899-Copier-300x200.jpg 300w, http://bagiliba.fr/wp-content/uploads/2022/10/IMG_2899-Copier-768x512.jpg 768w, http://bagiliba.fr/wp-content/uploads/2022/10/IMG_2899-Copier.jpg 1280w" sizes="(max-width: 1024px) 100vw, 1024px" /></figure>



<p>Contes et légendes du Burkina Faso avec François Moïse BAMBA </p>



<p>Écouter François Moïse Bamba, c’est découvrir à la fois les contes les plus pittoresques du Burkina Faso, la vie quotidienne d’un pays et la sagesse de tout un peuple. Tour à tour ethnologue, musicien, conteur, François perpétue l’art de la transmission avec générosité et une bonne humeur communicative par-delà les frontières.</p>



<p><strong>JEUDI 10 NOVEMBRE</strong></p>



<p>17h30 : Foyer Municipal BAGNOLS EN FORET suivi d’un pot de l’amitié offert par le Foyer Rural de Bagnols.</p>



<p><strong>VENDREDI 11 NOVEMBRE</strong></p>



<p>16h30 : Médiathèque CALLIAN &#8211; Contes avec François Moïse BAMBA &#8211; Entrée libre</p>

<p>Contes et légendes du Burkina Faso avec François Moïse BAMBA Écouter François Moïse Bamba, c’est découvrir à la fois les contes les plus pittoresques du Burkina Faso, la vie quotidienne d’un pays et la sagesse de tout un peuple. Tour à tour ethnologue, musicien, conteur, François perpétue l’art de la transmission avec générosité et une&hellip; <a href="http://bagiliba.fr/index.php/edition-2019/artistes/bami-village-compagnie-de-theatre/" class="more-link">Lire la suite <span class="screen-reader-text">François Moïse BAMBA</span></a></p>
